)*1. Suppose 4 = -k*b + 4*b. What is the units digit of b?
2
Suppose -5*j + 4*v + 2 = 0, -3*j - j - 3*v = -14. Suppose q + j = 2*q. Suppose 9 = 2*s + y, -2*s - q*y = s - 16. What is the units digit of s?
2
Let c be (-1005)/(-35) - 0 - 4/(-14). Let y(o) = 17*o + 1. Let d be y(1). Let f = c - d. What is the tens digit of f?
1
Let n = 0 - -60. What is the units digit of n?
0
Suppose 286 = 3*h - v - 121, -4*h - 3*v + 534 = 0. What is the hundreds digit of h?
1
Let x(a) = -a - 2. Let v = -14 + 10. Let m be x(v). Suppose -3*t = -4*h + 50 + m, h - t = 13. What is the tens digit of h?
1
What is the tens digit of 26/39 + 175/3?
5
Let h = -3 - -8. Suppose -4*d = d - 80. Suppose 0 = 5*k - 2*f - h, -4 = -5*k - f + d. What is the units digit of k?
3
Let s be ((-2)/4*0)/2. What is the units digit of s/8 - (0 - 1)?
1
Let l(b) = b + 14. Let c be l(-12). Suppose -11 = -4*h + z, -c*h = 3*h - 4*z. Suppose j = -m - h*m + 17, m = 2*j - 1. What is the units digit of j?
2
Let y(d) be the second derivative of d**3/6 + d**2 - 2*d. What is the units digit of y(0)?
2
Suppose -l + 1 = -2*l + 3*r, 0 = -l + 4*r - 1. Let z = 2 + 2. Let i = z + l. What is the units digit of i?
3
Let a(x) = 8*x + 1. What is the units digit of a(4)?
3
Suppose 2*s - 2*y = 92, 0*s - 48 = -s + 2*y. Suppose s + 60 = 3*v + 5*g, -86 = -2*v + 5*g. What is the units digit of v?
8
Let w = -53 + 112. Suppose 145 + w = 4*m. What is the tens digit of m?
5
Suppose -2*o + 4*o = -24. What is the units digit of 3 + -1 + -3 - o?
1
Let t = -4 - -1. Let o = 7 - -6. Let q = o - t. What is the tens digit of q?
1
Suppose -w = -4*h + 470, -583 = -0*h - 5*h - w. What is the units digit of h?
7
Let w = -30 - -51. Suppose w*p - 36 = 18*p. What is the tens digit of p?
1
Suppose -419 = -11*s + 197. What is the tens digit of s?
5
Suppose 2*a = a + 64. Suppose 69 = 3*x + 3*h, -4*x + 0*h + 3*h = -a. Let p = x - 9. What is the units digit of p?
0
Let b be 1 - 2*1/(-2). Suppose -2*i + 24 = -l, -i + b*l + 6 = -0*l. What is the tens digit of i?
1
Let f be (-3)/(-15) - (-272)/(-10). Let h be ((-2)/3)/(6/f). Suppose -2*o + 3*l + 16 = -0*l, -4*o - h*l - 4 = 0. What is the units digit of o?
2
Suppose 0 = -0*j - 2*j + 2. Suppose 4*o = -5*p + 24, -p + 4*o + j = o. What is the units digit of p?
4
Let i(k) = -k**3 + 6*k**2 - 6. Let w be i(6). What is the units digit of w/(3/(-1)) - 0?
2
Suppose 4*u - 310 + 106 = 0. Suppose 5*l - u = -1. Suppose -h + 2*h - l = 0. What is the tens digit of h?
1
Suppose -3*h - 6 = -2*h. Let x be ((-2)/h)/((-4)/(-60)). Suppose 44 = -w + x*w. What is the tens digit of w?
1
Let v(n) = 6*n**2 + 9*n - 9. Let g be v(-7). Suppose 4*t - g = -14. What is the units digit of t?
2
Let h(k) = -2*k**3 - 6*k**2 + 8. What is the units digit of h(-5)?
8
Let y(k) be the third derivative of -2*k**4/3 - k**3/3 + 2*k**2. What is the tens digit of y(-2)?
3
Let n(x) = x**3 + 9*x**2 - 3*x - 6. What is the tens digit of n(-7)?
1
Let l(z) = 2*z - 1. Let o(r) = r. Let x(g) = l(g) - 3*o(g). What is the units digit of x(-5)?
4
Let j(i) = -i. Let d be j(-3). Suppose -d*a - a = 0. Suppose a*n + 2*n - 15 = f, -3*f - 35 = -4*n. What is the units digit of n?
5
Let k = 394 - 281. What is the units digit of k?
3
Let n = 5 + 3. Suppose -2*f + 19 = 7. Let v = n - f. What is the units digit of v?
2
Suppose -v - 728 = -14*v. What is the tens digit of v?
5
Let b(n) = -n**2 + 5*n + 11. What is the units digit of b(6)?
5
Let p(z) = -z**2 + 4*z + 1. Let u be p(5). What is the units digit of 2/(-3)*138/u?
3
Let c(t) = t**3 + 10*t**2 + 8*t + 10. Let i be c(-9). Suppose 3*p + 5*a = -2*p + 45, a - i = -2*p. What is the units digit of p?
0
Let q be (-2)/9 + 4/18. Suppose -3*y - 4*z + 63 = q, 5*y = -2*z - 0*z + 91. What is the tens digit of y?
1
Suppose 4*p = 8*p + 12. Let v be (8/(-6))/(1/p). Let o = -2 + v. What is the units digit of o?
2
Let o(a) = -7*a**2 + 2*a - 5. Let f(v) = 8*v**2 - v + 5. Let h(y) = -6*f(y) - 7*o(y). What is the tens digit of h(9)?
1
Suppose j - 13 = 10. What is the units digit of j?
3
Let c = 10 + 75. What is the units digit of c?
5
Let b(k) = -k**3 - 16*k**2 - 13*k + 10. Let m be b(-12). What is the units digit of 4/(-10) + m/(-25)?
6
Suppose -3*x + x - 40 = 0. What is the tens digit of 5/8*-2*x?
2
Suppose k = 4*k - 6. Suppose -k*c + 4*c - 7 = d, 16 = c - 3*d. What is the units digit of c?
1
Let a be -6 - ((-1 - -3) + -2). Let z = 0 - a. What is the units digit of ((-6)/9)/(z/(-9))?
1
Let d be 2/3 - (-14)/6. Let w = -1 + d. Suppose -v + 3 = -w. What is the units digit of v?
5
Let c be 2/(-4) + 3/(-6). Let n = 1 + c. Suppose 2*u + 5*j + n = 6, 3*u + 2*j = 9. What is the units digit of u?
3
What is the units digit of 3 + -1 - (-113 - 7)?
2
Let y(f) = f**2 - f - 1. What is the tens digit of y(-3)?
1
Suppose s = -4*s - p + 360, -3*s + 216 = p. Suppose -5*k + 3*r + 72 = -14, -3*k - 5*r + s = 0. What is the units digit of k?
9
Let c = -100 - -60. Let w = -28 - c. What is the tens digit of w?
1
Let h = -61 + 119. What is the units digit of h?
8
Let j = 10 - 11. Let p be 34/10 - (-2)/(-5). What is the units digit of -3*j/p*5?
5
Let r = 535 + -321. What is the hundreds digit of r?
2
Suppose 2*n = -0*n - 2. Let u(p) = 21*p**2 + p. What is the units digit of u(n)?
0
Let p = -3 - -1. Let t be (50/(-1))/(4/p). Suppose -3*y - 2*y = -t. What is the units digit of y?
5
Let h(r) = r + 13. Suppose -4*c - 24 = 4. Let f = c + 1. What is the units digit of h(f)?
7
What is the tens digit of (-1)/(424/(-140) - -3)?
3
Let n = -7 - -11. Let z be n/16 + 7/4. Suppose z*b + 1 = 15. What is the units digit of b?
7
Let h(q) = q**3 - 12*q**2 + 10*q + 33. What is the tens digit of h(11)?
2
Let i be (-3)/(-3)*(5 - -1). Let q(n) = 2*n - 9. Let y be q(i). What is the units digit of (y + -1)/(10/15)?
3
Let z = -16 - -26. Suppose 9 + 16 = 5*b. Suppose z = -0*m + b*m. What is the units digit of m?
2
Let w(q) = -2*q**3 + q**3 - 2*q + 0*q - 4 + 1. What is the units digit of w(-2)?
9
Suppose 2*l = 3*a - 0*a - 85, -3*l - 26 = -a. What is the units digit of a?
9
Let y be (-2)/3 - 32/(-3). Let h = y - -8. Suppose -2*z = 4*w - h - 10, -5*w + 37 = 3*z. What is the units digit of w?
5
Let q(n) = 12*n + n**2 - 2*n**2 + 4 - 3*n. Let i(y) = 3*y**2 - y - 2. Let z be i(2). What is the units digit of q(z)?
2
Suppose 4*s - 445 = -5*y - 21, 0 = -3*y - 2*s + 254. What is the tens digit of y?
8
Let g be 54/12*(-2)/3. Let v = 12 - g. What is the tens digit of v?
1
What is the tens digit of (-84 + -4)/2*-1?
4
Suppose 0 = -2*i + i. Suppose -2*g + i*w = -w - 26, -2*w + 32 = 3*g. What is the tens digit of g?
1
Suppose 0 = -f - y + 6, -2*y - 6 = 2*f - 6*y. Suppose k + f*b + 2 = 0, k + 2*k - 2*b - 5 = 0. What is the units digit of k?
1
Suppose 2*n + 12 = -3*d, 0 = -4*n - n - 4*d - 16. What is the units digit of (n/(-1) - -1) + 3?
4
Suppose -k = -5*k - 8. Let m(n) = 11*n**2 + 3*n + 1. What is the tens digit of m(k)?
3
Let z be 8*-3*2/(-12). Suppose -2*n = -0*y + z*y - 86, 2*y - 39 = -5*n. What is the tens digit of y?
2
Let t = -159 + 326. What is the units digit of t?
7
Let u = 3 + 1. Suppose -u*o + 23 = -1. What is the units digit of o?
6
Suppose -8*t + 190 = -3*t. Let v be (-9)/((-9)/4)*-5. Let s = v + t. What is the units digit of s?
8
Let j = -51 + 72. What is the tens digit of j?
2
Let h(l) = -l**3 + 5*l**2 + 5*l + 5. Let t be h(6). Let w = -1 - t. Suppose 4*c + 2*u = 10, w = -3*c + 8*c - 2*u + 1. What is the units digit of c?
1
Let w(m) = 8*m**2 - 2*m + 1. Let h be w(1). Let v(u) = -u**3 + 6*u**2 + 4*u + 5. Let c be v(h). What is the units digit of (-9)/(-4) - 12/c?
3
Let i = 15 + -12. Let c = i + -1. What is the units digit of c?
2
Suppose -q - 87 = -3*n - 6*q, q - 87 = -3*n. What is the tens digit of n?
2
Suppose 14 = -6*g + 2. What is the units digit of 9/(g/(12/(-9)))?
6
Suppose z = -4*x + 137, -z - 548 = -5*z + 4*x. What is the units digit of z?
7
Let d(p) = -10*p**3 - p**2 + 2*p. What is the units digit of d(-2)?
2
What is the tens digit of (-129)/(3 - 6) + 0?
4
Suppose -8*x + 336 = 4*x. What is the units digit of x?
8
Suppose 10*c - 840 = 2*c. What is the tens digit of c?
0
Let f = 2 - 1. Suppose 3*m - 4*m = -f. What is the units digit of ((-11)/(-1) - m)/2?
5
Suppose -49 = -2*t + 3*m, 2*t - 3*t + 22 = m. Suppose 6 = -5*v + 86. Let b = t - v. What is the units digit of b?
7